{"id":254,"date":"2025-04-11T12:28:32","date_gmt":"2025-04-11T12:28:32","guid":{"rendered":"https:\/\/paris-remote-sensing-master.fr\/?page_id=254"},"modified":"2026-01-14T09:04:03","modified_gmt":"2026-01-14T09:04:03","slug":"ouvrages-de-reference","status":"publish","type":"page","link":"https:\/\/paris-remote-sensing-master.fr\/?page_id=254","title":{"rendered":"Ouvrages de r\u00e9f\u00e9rence"},"content":{"rendered":"\n<div class=\"wp-block-group is-layout-constrained wp-block-group-is-layout-constrained\">\n<div class=\"wp-block-columns is-layout-flex wp-container-core-columns-is-layout-28f84493 wp-block-columns-is-layout-flex\">\n<div class=\"wp-block-column is-layout-flow wp-block-column-is-layout-flow\">\n<details class=\"wp-block-details is-layout-flow wp-block-details-is-layout-flow\"><summary><strong>RE &#8211; Rayonnement \u00e9lectromagn\u00e9tique<\/strong><\/summary>\n<ul class=\"wp-block-list\">\n<li>Arnaud J.A. (1976),&nbsp;<em>Beam and Fiber Optics<\/em>, Academic Press, 447 pages.<\/li>\n\n\n\n<li>Beckmann P., Spizzichino A. (1987),&nbsp;<em>The Scattering of Electromagnetic Waves from Rough Surfaces<\/em>, Artech House, 503 pages.<\/li>\n\n\n\n<li>Born M., Wolf E. (1999),&nbsp;<em>Principles of Optics: Electromagnetic Theory of Propagation, Interference and Diffraction of Light<\/em>, Cambridge University Press, 985&nbsp;pages.<\/li>\n\n\n\n<li>Brekhovskikh L.M. (1980),&nbsp;<em>Waves in Layered Media<\/em>, Academic Press, 503 pages.<\/li>\n\n\n\n<li>Brekhovski L.M. &amp; Godin O.A. (1998),&nbsp;<em>Acoustics of Layered Media I: Plane and Quasi-Plane Waves<\/em>, Springer, 250&nbsp;pages.<\/li>\n\n\n\n<li>Chew W.C. (1999), Waves and Fields in Inhomogeneous Media, Wiley-IEEE Press, 632&nbsp;pages..<\/li>\n\n\n\n<li>Daniels D.J. (1996),&nbsp;<em>Ground Penetrating Radar<\/em>, Institution of Electrical Engineers, 300 pages.<\/li>\n\n\n\n<li>Dassios G., Kleinman R. (2000),&nbsp;<em>Low Frequency Scattering<\/em>, Oxford University Press, 320&nbsp;pages.<\/li>\n\n\n\n<li>Draowitch S.,&nbsp;Ancona C. (1978), \u200e&nbsp;<em>Antennes,&nbsp;Tome 2 : Applications<\/em>,&nbsp;Masson,&nbsp;236 pages.<\/li>\n\n\n\n<li>Fournet G. (1985),&nbsp;<em>Electromagn\u00e9tisme : \u00e0 partir des \u00e9quations locales<\/em>, Masson, 510 pages.<\/li>\n\n\n\n<li>Gardiol F. (1979),&nbsp;<em>Electromagn\u00e9tisme<\/em>, \u00c9dition Georgi, 249 pages.<\/li>\n\n\n\n<li>Ishimaru A. (1999),&nbsp;<em>Waves Propagation and Scattering in Random Media<\/em>, Wiley-IEEE Press, 600&nbsp;pages.<\/li>\n\n\n\n<li>James G.L. (1986),&nbsp;<em>Geometrical Theory of Diffraction for Electromagnetic Waves<\/em>, Institution of Electrical Engineers, 261 pages.<\/li>\n\n\n\n<li>Kong J.A. (1990),&nbsp;<em>Electromagnetic Wave Theory<\/em>, Wiley, 704 pages.<\/li>\n\n\n\n<li>McNamara D.A., Pistorius C.W.I., Malherbe J.A.G. (1990),&nbsp;<em>Introduction to the Uniform Geometrical Theory of Diffraction<\/em>, Artech House, 488 pages.<\/li>\n\n\n\n<li>Petit R. (2011).&nbsp;<em>Electromagnetic Theory of Gratings<\/em>, Springer, 304&nbsp;pages.<\/li>\n\n\n\n<li>Roubine E., Bolomey J.Ch. (1978),&nbsp;<em>Antennes,&nbsp;Tome 1 :&nbsp;Introduction g\u00e9n\u00e9rale<\/em>,&nbsp;Masson,&nbsp;202 pages.<\/li>\n\n\n\n<li>Stratton J.A. (2007),&nbsp;<em>Electromagnetic Theory<\/em>, Wiley-IEEE Press, 640&nbsp;pages..<\/li>\n\n\n\n<li>Tai C.T. (1993),&nbsp;<em>Dyadic Green Function in Electromagnetic Theory<\/em>, IEEE Press, 343 pages.<\/li>\n<\/ul>\n<\/details>\n<\/div>\n\n\n\n<div class=\"wp-block-column has-background is-layout-flow wp-block-column-is-layout-flow\" style=\"background-color:#00690014\">\n<details class=\"wp-block-details is-layout-flow wp-block-details-is-layout-flow\"><summary><strong>RA &#8211; Rayonnement acoustique<\/strong><\/summary>\n<ul class=\"wp-block-list\">\n<li>Brekhovskikh L.M., Goncharov V.V. (1985),&nbsp;<em>Mechanics of Continua and Wave Dynamics<\/em>, Springer-Verlag, 342 pages.<\/li>\n\n\n\n<li>Bruneau M.(1998),&nbsp;<em>Manuel d&#8217;acoustique fondamentale<\/em>, Hermes Science Publications, 576 pages.<\/li>\n\n\n\n<li>Davis J.L. (1988),&nbsp;<em>Wave Propagation in Solids and Fluids<\/em>, Springer-Verlag, 386 pages.<\/li>\n\n\n\n<li>Filippi P. (1994),&nbsp;<em>Acoustique g\u00e9n\u00e9rale<\/em>, Editions de Physique , 371 pages.<\/li>\n\n\n\n<li>Goodman J.W. (1968),&nbsp;<em>Introduction to Fourier Optics<\/em>, McGraw-Hill, 287 pages.<\/li>\n\n\n\n<li>Gordon S.K. (1987),&nbsp;<em>Acoustic Waves: Devices, Imaging, and Analog Signal Processing<\/em>, Prentice Hall, 601 pages.<\/li>\n\n\n\n<li>Guyader J.L. (2002),&nbsp;<em>Vibrations des milieux continus<\/em>, Hermes Science Publications, 445 pages.<\/li>\n\n\n\n<li>Royer D., Dieulesaint E. (1999),&nbsp;<em>Ondes \u00e9lastiques dans les solides. Tome 2 . G\u00e9n\u00e9ration, interaction acousto-optique, applications<\/em>, Masson, 410 pages.<\/li>\n<\/ul>\n<\/details>\n<\/div>\n<\/div>\n\n\n\n<div class=\"wp-block-columns is-layout-flex wp-container-core-columns-is-layout-28f84493 wp-block-columns-is-layout-flex\">\n<div class=\"wp-block-column has-background is-layout-flow wp-block-column-is-layout-flow\" style=\"background-color:#00690014\">\n<details class=\"wp-block-details is-layout-flow wp-block-details-is-layout-flow\"><summary><strong>TA &#8211; Th\u00e9orie des antennes<\/strong><\/summary>\n<ul class=\"wp-block-list\">\n<li>Hanssen R.F. (2001),&nbsp;<em>Radar Interferometry: Data Interpretation and Error Analysis<\/em>, Springer, 308 pages.<\/li>\n\n\n\n<li>Massonnet D., Souyris J.C. (2008),<em>&nbsp;Imaging with synthetic aperture radar<\/em>, CRC Press, 250 pages.<\/li>\n\n\n\n<li>Rees W.G. (2001),&nbsp;<em>Physical Principles of Remote Sensing<\/em>, Cambridge University Press, 343 pages.<\/li>\n\n\n\n<li>Schanda R. (1986),&nbsp;<em>Physical Fundamentals of Remote Sensing<\/em>, Springer Verlag, 187 pages.<\/li>\n\n\n\n<li>Skolnik M.I. (1990),&nbsp;<em>Radar Handbook<\/em>, McGraw-Hill, 1200 pages.<\/li>\n\n\n\n<li>Ulaby F.T., Moore R.K., Fung A.K. (1986),&nbsp;<em>Microwave Remote Sensing: Active and Passive<\/em>, Vol I.&nbsp;<em>Microwave Remote Sensing Fundamentals and Radiometry<\/em>, Artech House Publishers, 456 pages.<\/li>\n\n\n\n<li>Ulaby F.T., Moore R.K., Fung A.K. (1986),&nbsp;<em>Microwave Remote Sensing: Active and Passive<\/em>, Vol II.&nbsp;<em>Radar Remote Sensing and Surface Scattering and Emission Theory<\/em>, Artech House Publishers, 608 pages.<\/li>\n\n\n\n<li>Ulaby F.T., Moore R.K., Fung A.K. (1986),&nbsp;<em>Microwave Remote Sensing: Active and Passive<\/em>, Vol III.&nbsp;<em>Volume Scattering and Emission Theory, Advanced Systems and Applications<\/em>, Artech House Publishers, 1100 pages.<\/li>\n<\/ul>\n<\/details>\n<\/div>\n\n\n\n<div class=\"wp-block-column is-layout-flow wp-block-column-is-layout-flow\">\n<details class=\"wp-block-details is-layout-flow wp-block-details-is-layout-flow\"><summary><strong>TR &#8211; Transfert radiatif \/ Spectroscopie<\/strong><\/summary>\n<ul class=\"wp-block-list\">\n<li>Burrows J.P., Platt U., Borrell P. (2011),&nbsp;<em>The Remote Sensing of Tropospheric Composition from Space<\/em>, Springer, 549&nbsp;pages.<\/li>\n\n\n\n<li>Chandrasekhar S. (1960),&nbsp;<em>Radiative Transfer<\/em>, Dover Publications, 393 pages.<\/li>\n\n\n\n<li>Hollas&nbsp;J.M.&nbsp;(2004),&nbsp;<em>Modern Spectroscopy<\/em>, John Wiley &amp; Sons, Inc., 482&nbsp;pages.<\/li>\n\n\n\n<li>Houghton J.T., Taylor F.W., Rodgers C.D. (1986),&nbsp;<em>Remote Sounding of Atmospheres<\/em>, Cambridge University Press, 343 pages.<\/li>\n\n\n\n<li>Houghton J.T. (1986),&nbsp;<em>The physics of Atmospheres<\/em>, Cambridge University Press, 271 pages.<\/li>\n\n\n\n<li>Lenoble J. (1993),&nbsp;<em>Atmospheric Radiative Transfer<\/em>, A. Deepak Publishing, 532 pages.<\/li>\n\n\n\n<li>Liou K.N. (2002),&nbsp;<em>An Introduction to Atmospheric Radiation<\/em>, Academic Press, 583 pages.<\/li>\n\n\n\n<li>Mishchenko M.I., Hovenier J.W., Travis L.D. (2000),&nbsp;<em>Light Scattering by Nonspherical Particles: Theory, Measurements, and Applications<\/em>, Academic Press, 690 pages.<\/li>\n\n\n\n<li>Mishchenko M.I., Travis L.D., Lacis A.A. (2006),&nbsp;<em>Multiple Scattering of Light by Particles: Radiative Transfer and Coherent Backscattering<\/em>, Cambridge University Press, 478 pages.<\/li>\n\n\n\n<li>Mishchenko M.I., Rosenbush V.K., Kiselev N.N., Lupishko D.F., Tishkovets V.P., Kaydash V.G., Belskaya I.N., Efimov Y.S., Shakhovskoy N.M. (2010),&nbsp;<em>Polarimetric Remote Sensing of Solar System Objects<\/em>, Akademperiodyka, 291 pages.<\/li>\n\n\n\n<li>Thomas G.E., Stammes K. (1999),&nbsp;<em>Radiative Transfer in the Atmosphere and Ocean<\/em>, Cambridge University Press, 517 pages.<\/li>\n\n\n\n<li>Zdunkowski W., Trautmann T., Bott A. (2007),&nbsp;<em>Radiation in the Atmosphere: A Course in Theoretical Meteorology<\/em>, Cambridge University Press, 482 pages.<\/li>\n<\/ul>\n<\/details>\n<\/div>\n<\/div>\n\n\n\n<div class=\"wp-block-columns is-layout-flex wp-container-core-columns-is-layout-28f84493 wp-block-columns-is-layout-flex\">\n<div class=\"wp-block-column is-layout-flow wp-block-column-is-layout-flow\">\n<details class=\"wp-block-details is-layout-flow wp-block-details-is-layout-flow\"><summary><strong>BR &#8211; Bilan radiatif et d&#8217;\u00e9nergie<\/strong><\/summary>\n<ul class=\"wp-block-list\">\n<li>DeWitt D.P., Nutter G.D. (1988),&nbsp;<em>Theory and Practice of Radiation Thermometry<\/em>, Wiley, 1138 pages.<\/li>\n\n\n\n<li>Gates D.M. (1962),&nbsp;<em>Energy Exchange in the Biosphere<\/em>, Harper &amp; Row Publishers, 151 pages.<\/li>\n\n\n\n<li>Graedel T.E., Crutzen P.J. (1995),&nbsp;<em>Atmosphere, Climate, and Change<\/em>, Scientific American Library, 196 pages.<\/li>\n\n\n\n<li>Guyot G. (1997),&nbsp;<em>Climatologie de l&#8217;environnement : de la plante aux \u00e9cosyst\u00e8mes<\/em>, Masson, 505 pages.<\/li>\n\n\n\n<li>Hufty A. (2001),&nbsp;<em>Introduction \u00e0 la climatologie<\/em>, De Boeck-Universit\u00e9, 542 pages.<\/li>\n\n\n\n<li>Kuenzer C., Dech S. (2013),&nbsp;<em>Thermal Infrared Remote Sensing: Sensors, Methods, Applications<\/em>, Springer, 537 pages.<\/li>\n\n\n\n<li>Minnaert M. (1954),&nbsp;<em>The Nature of Light &amp; Color in the Open Air<\/em>, Dover, 362 pages.<\/li>\n<\/ul>\n<\/details>\n<\/div>\n\n\n\n<div class=\"wp-block-column has-background is-layout-flow wp-block-column-is-layout-flow\" style=\"background-color:#00690014\">\n<details class=\"wp-block-details is-layout-flow wp-block-details-is-layout-flow\"><summary><strong>MS &#8211; M\u00e9canique spatiale \/&nbsp;OR &#8211; Orbitographie<\/strong><\/summary>\n<ul class=\"wp-block-list\">\n<li>Barlier F. (2008),&nbsp;<em>Galileo &#8211; Un enjeu strat\u00e9gique, scientifique et technique<\/em>,&nbsp;l&#8217;Harmattan,&nbsp;255 pages.<\/li>\n\n\n\n<li>Beutler G. (2005),&nbsp;<em>Methods of Celestial Mechanics<\/em>, Springer-Verlag, 464 pages.<\/li>\n\n\n\n<li>Capderou M. (2014),&nbsp;<em>Handbook of Satellite Orbits<\/em><em>: From Kepler to GPS<\/em>, Springer, 922 pages.<\/li>\n\n\n\n<li>Duquenne F., Botton S., Peyret F., B\u00e9taille D., Wilis P. (2005),&nbsp;<em>GPS : localisation et navigation par satellites<\/em>,&nbsp;Hermes science &#8211;&nbsp;Lavoisier, 336 pages.<\/li>\n\n\n\n<li>Kaula W.M. (2000),&nbsp;<em>Theory of Satellite Geodesy: Applications of Satellites to Geodesy<\/em>, Dover Publications,&nbsp;140 pages.<\/li>\n\n\n\n<li>Leick A.&nbsp;(2003),&nbsp;<em>GPS Satellite Surveying<\/em>, Wiley, 464 pages.<\/li>\n\n\n\n<li>Murray C.D., Dermott S.F. (2000),&nbsp;<em>Solar System Dynamics<\/em>, Cambridge University Press, 608&nbsp;pages.<\/li>\n\n\n\n<li>Seeber G. (2003),&nbsp;<em>Satellite Geodesy<\/em>, Walter de Gruyter, 589 pages.<\/li>\n\n\n\n<li>Teunissen P. (1998),&nbsp;<em>GPS for geodesy<\/em>, Springer, 650 pages.<\/li>\n<\/ul>\n<\/details>\n<\/div>\n<\/div>\n\n\n\n<div class=\"wp-block-columns is-layout-flex wp-container-core-columns-is-layout-28f84493 wp-block-columns-is-layout-flex\">\n<div class=\"wp-block-column has-background is-layout-flow wp-block-column-is-layout-flow\" style=\"background-color:#00690014\">\n<details class=\"wp-block-details is-layout-flow wp-block-details-is-layout-flow\"><summary><strong>TS &#8211; Traitement du signal et probl\u00e8me inverse<\/strong><\/summary>\n<ul class=\"wp-block-list\">\n<li>Bendat J.S., Piersol A.G. (1986),&nbsp;<em>Random Data: Analysis and Measurement Procedures<\/em>, Wiley, 566 pages.<\/li>\n\n\n\n<li>Max J., Lacoume J.L. (1996),&nbsp;<em>M\u00e9thodes et techniques de traitement du signal et applications aux mesures physiques<\/em>, Masson, 355 pages.<\/li>\n\n\n\n<li>Tarantola A. (2005),&nbsp;<em>Inverse Problem Theory and Methods for Model Parameter Estimation<\/em>, SIAM, 342 pages.<\/li>\n\n\n\n<li>Twomey S. (1977),&nbsp;<em>Introduction to the Mathematics of Inversion in Remote Sensing<\/em>, Dover Publications, 243 pages.<\/li>\n<\/ul>\n<\/details>\n<\/div>\n\n\n\n<div class=\"wp-block-column is-layout-flow wp-block-column-is-layout-flow\">\n<details class=\"wp-block-details is-layout-flow wp-block-details-is-layout-flow\"><summary><strong>TI &#8211; Analyse d&#8217;images<\/strong><\/summary>\n<ul class=\"wp-block-list\">\n<li>Jensen J.R. (1996),&nbsp;<em>Introductory Digital Image Processing: A Remote Sensing Perspective<\/em>, Prentice Hall, 316 pages.<\/li>\n\n\n\n<li>Ma\u00eetre H. (2002),&nbsp;<em>Le traitement des images<\/em>, Hermes Science Publications, 364 pages.<\/li>\n<\/ul>\n<\/details>\n<\/div>\n<\/div>\n\n\n\n<div class=\"wp-block-columns is-layout-flex wp-container-core-columns-is-layout-28f84493 wp-block-columns-is-layout-flex\">\n<div class=\"wp-block-column is-layout-flow wp-block-column-is-layout-flow\">\n<details class=\"wp-block-details is-layout-flow wp-block-details-is-layout-flow\"><summary><strong>SI &#8211; Syst\u00e8me imageurs<\/strong><\/summary>\n<ul class=\"wp-block-list\">\n<li>Meyzonnette J.L., L\u00e9pine T. (2003),&nbsp;<em>Bases de la radiom\u00e9trie optique<\/em>, C\u00e9padues \u00e9ditions, 252 pages.<\/li>\n<\/ul>\n<\/details>\n<\/div>\n\n\n\n<div class=\"wp-block-column has-background is-layout-flow wp-block-column-is-layout-flow\" style=\"background-color:#00690014\">\n<details class=\"wp-block-details is-layout-flow wp-block-details-is-layout-flow\"><summary><strong>SS &#8211; Syst\u00e8me spatiaux<\/strong><\/summary>\n<ul class=\"wp-block-list\">\n<li>Larson W.J., Wertz J.R. (1999),&nbsp;<em>Space Mission Analysis and Design<\/em>, Microcosm Press, 969&nbsp;pages.<\/li>\n\n\n\n<li>Paul S., Ducher G., Jobard I., Latarche C.H., Lenco M. (1997),&nbsp;<em>Terminologie de t\u00e9l\u00e9d\u00e9tection et photogramm\u00e9trie : Fran\u00e7ais-Anglais<\/em>, Conseil International de la Langue Fran\u00e7aise &#8211; PUF, 455 pages.<\/li>\n\n\n\n<li>Verger F. (1997),&nbsp;<em>Atlas de g\u00e9ographie de l&#8217;espace<\/em>, Belin, 319 pages.<\/li>\n<\/ul>\n<\/details>\n<\/div>\n<\/div>\n\n\n\n<div class=\"wp-block-columns is-layout-flex wp-container-core-columns-is-layout-28f84493 wp-block-columns-is-layout-flex\">\n<div class=\"wp-block-column has-background is-layout-flow wp-block-column-is-layout-flow\" style=\"background-color:#00690014\">\n<details class=\"wp-block-details is-layout-flow wp-block-details-is-layout-flow\"><summary><strong>DE &#8211; Droit de l&#8217;espace<\/strong><\/summary>\n<ul class=\"wp-block-list\">\n<li>Achilleas P. (2009),&nbsp;<em>Droit de l\u2019espace : t\u00e9l\u00e9communication, observation, navigation, d\u00e9fense, exploration<\/em>, Larcier, 384&nbsp;pages.<\/li>\n\n\n\n<li>Martin A., Couston M., Ravillon L. (2009),&nbsp;<em>Galileo : chronique d&#8217;une politique spatiale europ\u00e9enne annonc\u00e9e<\/em>, Lexis Nexis, 346&nbsp;pages.<\/li>\n\n\n\n<li>Ravillon L. (1997),&nbsp;<em>Les t\u00e9l\u00e9communications par satellite, aspects juridiques<\/em>, Lexis Nexis, 509&nbsp;pages.<\/li>\n\n\n\n<li>Ravillon L. (2003),&nbsp;<em>Le droit des activit\u00e9s spatiales : adaptation aux ph\u00e9nom\u00e8nes de commercialisation et de privatisation<\/em>, Lexis Nexis, 678&nbsp;pages.<\/li>\n\n\n\n<li>Ravillon L. (2005),&nbsp;<em>Le droit des activit\u00e9s spatiales \u00e0 l&#8217;aube du XXIe si\u00e8cle<\/em>, Lexis Nexis, 349&nbsp;pages.<\/li>\n\n\n\n<li>Ravillon L. (2008),&nbsp;<em>Gestion et partage des risques dans les projets spatiaux : questions d&#8217;actualit\u00e9<\/em>, Editions A. Pedone.<\/li>\n<\/ul>\n<\/details>\n<\/div>\n\n\n\n<div class=\"wp-block-column is-layout-flow wp-block-column-is-layout-flow\">\n<details class=\"wp-block-details is-layout-flow wp-block-details-is-layout-flow\"><summary><strong>GG &#8211; Introduction \u00e0 la g\u00e9ophysique et \u00e0 la g\u00e9odynamique<\/strong><\/summary>\n<ul class=\"wp-block-list\">\n<li>Cazenave A., Feigl K. (1994),&nbsp;<em>Formes et mouvements de la Terre<\/em>, Belin, 159 pages.<\/li>\n\n\n\n<li>Cazenave A., Massonnet D. (2004),&nbsp;<em>La Terre vue de l&#8217;espace<\/em>, Belin &#8211; Pour la Science, 127 pages.<\/li>\n\n\n\n<li>Dubois J., Diament M. (2005),&nbsp;<em>G\u00e9ophysique : cours et exercices corrig\u00e9s<\/em>, Dunod, 211 pages.<\/li>\n\n\n\n<li>Schunk R.W., Nagy A.F. (2004),&nbsp;<em>Ionospheres: Physics, Plasma Physics, and Chemistry<\/em>, Cambridge University Press, 570 pages.<\/li>\n<\/ul>\n<\/details>\n<\/div>\n<\/div>\n\n\n\n<div class=\"wp-block-columns is-layout-flex wp-container-core-columns-is-layout-28f84493 wp-block-columns-is-layout-flex\">\n<div class=\"wp-block-column is-layout-flow wp-block-column-is-layout-flow\">\n<details class=\"wp-block-details is-layout-flow wp-block-details-is-layout-flow\"><summary><strong>AT &#8211; T\u00e9l\u00e9d\u00e9tection des atmosph\u00e8res terrestres et plan\u00e9taires<\/strong><\/summary>\n<ul class=\"wp-block-list\">\n<li>Delmas R., M\u00e9gie G, Peuch V.H. (2005),&nbsp;<em>Physique et chimie de l&#8217;atmosph\u00e8re<\/em>, Belin Editeur.<\/li>\n<\/ul>\n<\/details>\n<\/div>\n\n\n\n<div class=\"wp-block-column has-background is-layout-flow wp-block-column-is-layout-flow\" style=\"background-color:#00690014\">\n<details class=\"wp-block-details is-layout-flow wp-block-details-is-layout-flow\"><summary><strong>TP &#8211; T\u00e9l\u00e9d\u00e9tection des surfaces terrestres et plan\u00e9taires<\/strong><\/summary>\n<ul class=\"wp-block-list\">\n<li>Asrar G., Ed (1989),&nbsp;<em>Theory and Applications of Optical Remote Sensing<\/em>, Wiley Interscience, 734 pages.<\/li>\n\n\n\n<li>Bennett J.M., Mattsson L. (1999),&nbsp;<em>Introduction to Surface Roughness and Scattering<\/em>, Optical Society of America, 130 pages.<\/li>\n\n\n\n<li>Berthier S. (2003),&nbsp;<em>Iridescences : les couleurs physiques des insectes<\/em>, Springer, 227 pages.<\/li>\n\n\n\n<li>Callet P. (1998),&nbsp;<em>Couleur-Lumi\u00e8re, Couleur-Mati\u00e8re : interaction lumi\u00e8re-mati\u00e8re et synth\u00e8se d&#8217;images<\/em>, Diderot Editeur, Arts et Sciences, 316 pages.<\/li>\n\n\n\n<li>Hapke B. (2012),&nbsp;<em>Theory of Reflectance and Emittance Spectroscopy<\/em>, Cambridge University Press, 528 pages.<\/li>\n\n\n\n<li>Jones H.G., Vaughan R.A. (2010),&nbsp;<em>Remote Sensing of Vegetation: Principles, Techniques, and Applications<\/em>, Oxford University Press, 353 pages.<\/li>\n\n\n\n<li>Liang S. (2003),&nbsp;<em>Quantitative Remote Sensing of Land Surfaces<\/em>, Wiley-Interscience, 560 pages.<\/li>\n\n\n\n<li>Mobley C.D. (1994),&nbsp;<em>Light and Water: Radiative Transfer in Natural Waters<\/em>, Academic Press, 592 pages.<\/li>\n\n\n\n<li>Myneni R.B., Ross J., Eds (1991),&nbsp;<em>Photon-Vegetation Interactions: Applications in Optical Remote Sensing and Plant Ecology<\/em>, Springer-Verlag, 565 pages.<\/li>\n\n\n\n<li>Sterner R.W., Elser J.J. (2002),&nbsp;<em>Ecological Stoichiometry: The Biology of Elements from Molecules to the Biosphere<\/em>, Princeton University Press, 584 pages.<\/li>\n\n\n\n<li>Ustin S.L., Ed (2004),&nbsp;<em>Remote Sensing for Natural Resource Management and Environmental Monitoring<\/em>, John Wiley &amp; Sons, 736 pages.<\/li>\n\n\n\n<li>Von Sch\u00f6nermark M., Geiger B., R\u00f6ser H.P., Eds (2004),&nbsp;<em>Reflection Properties of Vegetation and Soils<\/em>, Wissenschaft und Technik Verlag, 352 pages.<\/li>\n\n\n\n<li>Wendlandt W.W., Hecht H.G. (1966),&nbsp;<em>Reflectance Spectroscopy<\/em>, Interscience Publishers, 298 pages.<\/li>\n<\/ul>\n<\/details>\n<\/div>\n<\/div>\n\n\n\n<div class=\"wp-block-columns is-layout-flex wp-container-core-columns-is-layout-28f84493 wp-block-columns-is-layout-flex\">\n<div class=\"wp-block-column has-background is-layout-flow wp-block-column-is-layout-flow\" style=\"background-color:#00690014\">\n<details class=\"wp-block-details is-layout-flow wp-block-details-is-layout-flow\"><summary><strong>VC &#8211; Variabilit\u00e9 du syst\u00e8me climatique<\/strong><\/summary>\n<ul class=\"wp-block-list\">\n<li>Schlesinger W.H. (1991),&nbsp;<em>Biochemistry: An Analysis of Global Chang<\/em>e, Academic Press, 443 pages.<\/li>\n<\/ul>\n<\/details>\n<\/div>\n\n\n\n<div class=\"wp-block-column is-layout-flow wp-block-column-is-layout-flow\"><\/div>\n<\/div>\n<\/div>\n","protected":false},"excerpt":{"rendered":"","protected":false},"author":1,"featured_media":0,"parent":0,"menu_order":0,"comment_status":"closed","ping_status":"closed","template":"","meta":{"site-sidebar-layout":"default","site-content-layout":"","ast-site-content-layout":"default","site-content-style":"default","site-sidebar-style":"default","ast-global-header-display":"","ast-banner-title-visibility":"","ast-main-header-display":"","ast-hfb-above-header-display":"","ast-hfb-below-header-display":"","ast-hfb-mobile-header-display":"","site-post-title":"","ast-breadcrumbs-content":"","ast-featured-img":"","footer-sml-layout":"","ast-disable-related-posts":"","theme-transparent-header-meta":"","adv-header-id-meta":"","stick-header-meta":"","header-above-stick-meta":"","header-main-stick-meta":"","header-below-stick-meta":"","astra-migrate-meta-layouts":"default","ast-page-background-enabled":"default","ast-page-background-meta":{"desktop":{"background-color":"var(--ast-global-color-5)","background-image":"","background-repeat":"repeat","background-position":"center center","background-size":"auto","background-attachment":"scroll","background-type":"","background-media":"","overlay-type":"","overlay-color":"","overlay-opacity":"","overlay-gradient":""},"tablet":{"background-color":"","background-image":"","background-repeat":"repeat","background-position":"center center","background-size":"auto","background-attachment":"scroll","background-type":"","background-media":"","overlay-type":"","overlay-color":"","overlay-opacity":"","overlay-gradient":""},"mobile":{"background-color":"","background-image":"","background-repeat":"repeat","background-position":"center center","background-size":"auto","background-attachment":"scroll","background-type":"","background-media":"","overlay-type":"","overlay-color":"","overlay-opacity":"","overlay-gradient":""}},"ast-content-background-meta":{"desktop":{"background-color":"var(--ast-global-color-4)","background-image":"","background-repeat":"repeat","background-position":"center center","background-size":"auto","background-attachment":"scroll","background-type":"","background-media":"","overlay-type":"","overlay-color":"","overlay-opacity":"","overlay-gradient":""},"tablet":{"background-color":"var(--ast-global-color-4)","background-image":"","background-repeat":"repeat","background-position":"center center","background-size":"auto","background-attachment":"scroll","background-type":"","background-media":"","overlay-type":"","overlay-color":"","overlay-opacity":"","overlay-gradient":""},"mobile":{"background-color":"var(--ast-global-color-4)","background-image":"","background-repeat":"repeat","background-position":"center center","background-size":"auto","background-attachment":"scroll","background-type":"","background-media":"","overlay-type":"","overlay-color":"","overlay-opacity":"","overlay-gradient":""}},"footnotes":""},"class_list":["post-254","page","type-page","status-publish","hentry"],"_links":{"self":[{"href":"https:\/\/paris-remote-sensing-master.fr\/index.php?rest_route=\/wp\/v2\/pages\/254","targetHints":{"allow":["GET"]}}],"collection":[{"href":"https:\/\/paris-remote-sensing-master.fr\/index.php?rest_route=\/wp\/v2\/pages"}],"about":[{"href":"https:\/\/paris-remote-sensing-master.fr\/index.php?rest_route=\/wp\/v2\/types\/page"}],"author":[{"embeddable":true,"href":"https:\/\/paris-remote-sensing-master.fr\/index.php?rest_route=\/wp\/v2\/users\/1"}],"replies":[{"embeddable":true,"href":"https:\/\/paris-remote-sensing-master.fr\/index.php?rest_route=%2Fwp%2Fv2%2Fcomments&post=254"}],"version-history":[{"count":5,"href":"https:\/\/paris-remote-sensing-master.fr\/index.php?rest_route=\/wp\/v2\/pages\/254\/revisions"}],"predecessor-version":[{"id":790,"href":"https:\/\/paris-remote-sensing-master.fr\/index.php?rest_route=\/wp\/v2\/pages\/254\/revisions\/790"}],"wp:attachment":[{"href":"https:\/\/paris-remote-sensing-master.fr\/index.php?rest_route=%2Fwp%2Fv2%2Fmedia&parent=254"}],"curies":[{"name":"wp","href":"https:\/\/api.w.org\/{rel}","templated":true}]}}