{"id":222,"date":"2025-04-11T10:12:40","date_gmt":"2025-04-11T10:12:40","guid":{"rendered":"https:\/\/paris-remote-sensing-master.fr\/?page_id=222"},"modified":"2025-04-11T15:26:31","modified_gmt":"2025-04-11T15:26:31","slug":"stage-a-lobservatoire-de-haute-provence","status":"publish","type":"page","link":"https:\/\/paris-remote-sensing-master.fr\/?page_id=222","title":{"rendered":"Stage \u00e0 l&#8217;Observatoire de Haute-Provence"},"content":{"rendered":"\n<p>Pour s&#8217;initier aux m\u00e9thodes d&#8217;observation, les \u00e9tudiants du master SRESCO b\u00e9n\u00e9ficient d&#8217;une opportunit\u00e9 unique de s&#8217;installer dans le cadre exceptionnel de l\u2019Observatoire de Haute-Provence. En rejoignant ce master, vous pourrez ainsi vous immerger pendant quelques jours dans ce lieu embl\u00e9matique de l&#8217;histoire des sciences puisque c&#8217;est de l\u00e0 que Michel Mayor a r\u00e9ussi \u00e0 d\u00e9tecter la premi\u00e8re exoplan\u00e8te, ce qui lui aura valu le prix Nobel de physique 2019.<\/p>\n\n\n\n<p>Accompagn\u00e9s de scientifiques et personnels techniques, vous d\u00e9couvrirez les th\u00e9matiques scientifiques men\u00e9es \u00e0 l&#8217;OHP et les instruments de sondage de l&#8217;atmosph\u00e8re et des objets c\u00e9lestes.<\/p>\n\n\n\n<figure class=\"wp-block-gallery has-nested-images columns-default is-cropped wp-block-gallery-1 is-layout-flex wp-block-gallery-is-layout-flex\">\n<figure class=\"wp-block-image size-large\"><img loading=\"lazy\" decoding=\"async\" width=\"771\" height=\"1024\" data-id=\"293\" src=\"https:\/\/paris-remote-sensing-master.fr\/wp-content\/uploads\/2025\/04\/PXL_20241021_121506560.MP_-771x1024.jpg\" alt=\"\" class=\"wp-image-293\" srcset=\"https:\/\/paris-remote-sensing-master.fr\/wp-content\/uploads\/2025\/04\/PXL_20241021_121506560.MP_-771x1024.jpg 771w, https:\/\/paris-remote-sensing-master.fr\/wp-content\/uploads\/2025\/04\/PXL_20241021_121506560.MP_-226x300.jpg 226w, https:\/\/paris-remote-sensing-master.fr\/wp-content\/uploads\/2025\/04\/PXL_20241021_121506560.MP_-768x1020.jpg 768w, https:\/\/paris-remote-sensing-master.fr\/wp-content\/uploads\/2025\/04\/PXL_20241021_121506560.MP_-1157x1536.jpg 1157w, https:\/\/paris-remote-sensing-master.fr\/wp-content\/uploads\/2025\/04\/PXL_20241021_121506560.MP_-1542x2048.jpg 1542w, https:\/\/paris-remote-sensing-master.fr\/wp-content\/uploads\/2025\/04\/PXL_20241021_121506560.MP_-scaled.jpg 1928w\" sizes=\"auto, (max-width: 771px) 100vw, 771px\" \/><\/figure>\n\n\n\n<figure class=\"wp-block-image size-large\"><img loading=\"lazy\" decoding=\"async\" width=\"1024\" height=\"771\" data-id=\"294\" src=\"https:\/\/paris-remote-sensing-master.fr\/wp-content\/uploads\/2025\/04\/PXL_20241022_171428572.MP_-1024x771.jpg\" alt=\"\" class=\"wp-image-294\" srcset=\"https:\/\/paris-remote-sensing-master.fr\/wp-content\/uploads\/2025\/04\/PXL_20241022_171428572.MP_-1024x771.jpg 1024w, https:\/\/paris-remote-sensing-master.fr\/wp-content\/uploads\/2025\/04\/PXL_20241022_171428572.MP_-300x226.jpg 300w, https:\/\/paris-remote-sensing-master.fr\/wp-content\/uploads\/2025\/04\/PXL_20241022_171428572.MP_-768x578.jpg 768w, https:\/\/paris-remote-sensing-master.fr\/wp-content\/uploads\/2025\/04\/PXL_20241022_171428572.MP_-1536x1157.jpg 1536w, https:\/\/paris-remote-sensing-master.fr\/wp-content\/uploads\/2025\/04\/PXL_20241022_171428572.MP_-2048x1542.jpg 2048w\" sizes=\"auto, (max-width: 1024px) 100vw, 1024px\" \/><\/figure>\n\n\n\n<figure class=\"wp-block-image size-large\"><img loading=\"lazy\" decoding=\"async\" width=\"771\" height=\"1024\" data-id=\"289\" src=\"https:\/\/paris-remote-sensing-master.fr\/wp-content\/uploads\/2025\/04\/PXL_20241020_215915423.NIGHT_-771x1024.jpg\" alt=\"\" class=\"wp-image-289\" srcset=\"https:\/\/paris-remote-sensing-master.fr\/wp-content\/uploads\/2025\/04\/PXL_20241020_215915423.NIGHT_-771x1024.jpg 771w, https:\/\/paris-remote-sensing-master.fr\/wp-content\/uploads\/2025\/04\/PXL_20241020_215915423.NIGHT_-226x300.jpg 226w, https:\/\/paris-remote-sensing-master.fr\/wp-content\/uploads\/2025\/04\/PXL_20241020_215915423.NIGHT_-768x1020.jpg 768w, https:\/\/paris-remote-sensing-master.fr\/wp-content\/uploads\/2025\/04\/PXL_20241020_215915423.NIGHT_-1157x1536.jpg 1157w, https:\/\/paris-remote-sensing-master.fr\/wp-content\/uploads\/2025\/04\/PXL_20241020_215915423.NIGHT_-1542x2048.jpg 1542w, https:\/\/paris-remote-sensing-master.fr\/wp-content\/uploads\/2025\/04\/PXL_20241020_215915423.NIGHT_-scaled.jpg 1928w\" sizes=\"auto, (max-width: 771px) 100vw, 771px\" \/><\/figure>\n\n\n\n<figure class=\"wp-block-image size-large\"><img loading=\"lazy\" decoding=\"async\" width=\"1024\" height=\"449\" data-id=\"292\" src=\"http:\/\/paris-remote-sensing-master.fr\/wp-content\/uploads\/2025\/04\/PXL_20241021_162152395.MP_-scaled-e1744379808741-1024x449.jpg\" alt=\"\" class=\"wp-image-292\" srcset=\"https:\/\/paris-remote-sensing-master.fr\/wp-content\/uploads\/2025\/04\/PXL_20241021_162152395.MP_-scaled-e1744379808741-1024x449.jpg 1024w, https:\/\/paris-remote-sensing-master.fr\/wp-content\/uploads\/2025\/04\/PXL_20241021_162152395.MP_-scaled-e1744379808741-300x131.jpg 300w, https:\/\/paris-remote-sensing-master.fr\/wp-content\/uploads\/2025\/04\/PXL_20241021_162152395.MP_-scaled-e1744379808741-768x337.jpg 768w, https:\/\/paris-remote-sensing-master.fr\/wp-content\/uploads\/2025\/04\/PXL_20241021_162152395.MP_-scaled-e1744379808741-1536x673.jpg 1536w, https:\/\/paris-remote-sensing-master.fr\/wp-content\/uploads\/2025\/04\/PXL_20241021_162152395.MP_-scaled-e1744379808741-2048x898.jpg 2048w\" sizes=\"auto, (max-width: 1024px) 100vw, 1024px\" \/><\/figure>\n\n\n\n<figure class=\"wp-block-image size-large\"><img loading=\"lazy\" decoding=\"async\" width=\"1024\" height=\"719\" data-id=\"291\" src=\"https:\/\/paris-remote-sensing-master.fr\/wp-content\/uploads\/2025\/04\/PXL_20241022_202046890.MP_-scaled-e1744379709529-1024x719.jpg\" alt=\"\" class=\"wp-image-291\" srcset=\"https:\/\/paris-remote-sensing-master.fr\/wp-content\/uploads\/2025\/04\/PXL_20241022_202046890.MP_-scaled-e1744379709529-1024x719.jpg 1024w, https:\/\/paris-remote-sensing-master.fr\/wp-content\/uploads\/2025\/04\/PXL_20241022_202046890.MP_-scaled-e1744379709529-300x211.jpg 300w, https:\/\/paris-remote-sensing-master.fr\/wp-content\/uploads\/2025\/04\/PXL_20241022_202046890.MP_-scaled-e1744379709529-768x540.jpg 768w, https:\/\/paris-remote-sensing-master.fr\/wp-content\/uploads\/2025\/04\/PXL_20241022_202046890.MP_-scaled-e1744379709529-1536x1079.jpg 1536w, https:\/\/paris-remote-sensing-master.fr\/wp-content\/uploads\/2025\/04\/PXL_20241022_202046890.MP_-scaled-e1744379709529.jpg 1694w\" sizes=\"auto, (max-width: 1024px) 100vw, 1024px\" \/><\/figure>\n<\/figure>\n","protected":false},"excerpt":{"rendered":"<p>Pour s&#8217;initier aux m\u00e9thodes d&#8217;observation, les \u00e9tudiants du master SRESCO b\u00e9n\u00e9ficient d&#8217;une opportunit\u00e9 unique de s&#8217;installer dans le cadre exceptionnel [&hellip;]<\/p>\n","protected":false},"author":1,"featured_media":0,"parent":0,"menu_order":0,"comment_status":"closed","ping_status":"closed","template":"","meta":{"site-sidebar-layout":"default","site-content-layout":"","ast-site-content-layout":"default","site-content-style":"default","site-sidebar-style":"default","ast-global-header-display":"","ast-banner-title-visibility":"","ast-main-header-display":"","ast-hfb-above-header-display":"","ast-hfb-below-header-display":"","ast-hfb-mobile-header-display":"","site-post-title":"","ast-breadcrumbs-content":"","ast-featured-img":"","footer-sml-layout":"","ast-disable-related-posts":"","theme-transparent-header-meta":"","adv-header-id-meta":"","stick-header-meta":"","header-above-stick-meta":"","header-main-stick-meta":"","header-below-stick-meta":"","astra-migrate-meta-layouts":"default","ast-page-background-enabled":"default","ast-page-background-meta":{"desktop":{"background-color":"var(--ast-global-color-5)","background-image":"","background-repeat":"repeat","background-position":"center center","background-size":"auto","background-attachment":"scroll","background-type":"","background-media":"","overlay-type":"","overlay-color":"","overlay-opacity":"","overlay-gradient":""},"tablet":{"background-color":"","background-image":"","background-repeat":"repeat","background-position":"center center","background-size":"auto","background-attachment":"scroll","background-type":"","background-media":"","overlay-type":"","overlay-color":"","overlay-opacity":"","overlay-gradient":""},"mobile":{"background-color":"","background-image":"","background-repeat":"repeat","background-position":"center center","background-size":"auto","background-attachment":"scroll","background-type":"","background-media":"","overlay-type":"","overlay-color":"","overlay-opacity":"","overlay-gradient":""}},"ast-content-background-meta":{"desktop":{"background-color":"var(--ast-global-color-4)","background-image":"","background-repeat":"repeat","background-position":"center center","background-size":"auto","background-attachment":"scroll","background-type":"","background-media":"","overlay-type":"","overlay-color":"","overlay-opacity":"","overlay-gradient":""},"tablet":{"background-color":"var(--ast-global-color-4)","background-image":"","background-repeat":"repeat","background-position":"center center","background-size":"auto","background-attachment":"scroll","background-type":"","background-media":"","overlay-type":"","overlay-color":"","overlay-opacity":"","overlay-gradient":""},"mobile":{"background-color":"var(--ast-global-color-4)","background-image":"","background-repeat":"repeat","background-position":"center center","background-size":"auto","background-attachment":"scroll","background-type":"","background-media":"","overlay-type":"","overlay-color":"","overlay-opacity":"","overlay-gradient":""}},"footnotes":""},"class_list":["post-222","page","type-page","status-publish","hentry"],"_links":{"self":[{"href":"https:\/\/paris-remote-sensing-master.fr\/index.php?rest_route=\/wp\/v2\/pages\/222","targetHints":{"allow":["GET"]}}],"collection":[{"href":"https:\/\/paris-remote-sensing-master.fr\/index.php?rest_route=\/wp\/v2\/pages"}],"about":[{"href":"https:\/\/paris-remote-sensing-master.fr\/index.php?rest_route=\/wp\/v2\/types\/page"}],"author":[{"embeddable":true,"href":"https:\/\/paris-remote-sensing-master.fr\/index.php?rest_route=\/wp\/v2\/users\/1"}],"replies":[{"embeddable":true,"href":"https:\/\/paris-remote-sensing-master.fr\/index.php?rest_route=%2Fwp%2Fv2%2Fcomments&post=222"}],"version-history":[{"count":8,"href":"https:\/\/paris-remote-sensing-master.fr\/index.php?rest_route=\/wp\/v2\/pages\/222\/revisions"}],"predecessor-version":[{"id":314,"href":"https:\/\/paris-remote-sensing-master.fr\/index.php?rest_route=\/wp\/v2\/pages\/222\/revisions\/314"}],"wp:attachment":[{"href":"https:\/\/paris-remote-sensing-master.fr\/index.php?rest_route=%2Fwp%2Fv2%2Fmedia&parent=222"}],"curies":[{"name":"wp","href":"https:\/\/api.w.org\/{rel}","templated":true}]}}