{"id":160,"date":"2025-04-11T09:02:15","date_gmt":"2025-04-11T09:02:15","guid":{"rendered":"https:\/\/paris-remote-sensing-master.fr\/?page_id=160"},"modified":"2026-02-17T16:07:55","modified_gmt":"2026-02-17T16:07:55","slug":"candidater","status":"publish","type":"page","link":"https:\/\/paris-remote-sensing-master.fr\/?page_id=160","title":{"rendered":"Candidater"},"content":{"rendered":"\n<div class=\"wp-block-group is-layout-constrained wp-block-group-is-layout-constrained\">\n<h2 class=\"wp-block-heading\">Description du parcours SECO <\/h2>\n\n\n\n<p>La formation est centr\u00e9e sur l\u2019enseignement des bases physiques fondamentales de la t\u00e9l\u00e9d\u00e9tection, des techniques les plus avanc\u00e9es de traitement de donn\u00e9es et de leurs applications pour la pr\u00e9paration et l\u2019analyse des observations de la Terre et des plan\u00e8tes. <\/p>\n\n\n\n<p>Cette seconde ann\u00e9e, possiblement en anglais selon la promotion d\u2019\u00e9tudiants, propose des enseignements de tronc commun et 2 options \u00e0 choisir parmi 7. Au cours de l\u2019ann\u00e9e, la formation propose un cycle de s\u00e9minaires r\u00e9alis\u00e9s par des experts, des travaux pratiques de t\u00e9l\u00e9d\u00e9tection sur le terrain ou num\u00e9riques, un stage d\u2019observation \u00e0 l\u2019Observatoire de Haut-Provence, un atelier sur l\u2019Intelligence Artificielle et l\u2019analyse de donn\u00e9es satellitaires d\u2019une semaine \u00e0 l\u2019ESA (Italie), et la visite des centres op\u00e9rationnels EUMETSAT et ESOC (Allemagne). L\u2019ann\u00e9e se termine par un stage en laboratoire ou dans l\u2019industrie de 4 mois minimum (possibilit\u00e9 pour des stages plus longs et \u00e0 l\u2019\u00e9tranger). Il y a g\u00e9n\u00e9ralement entre cinq et dix fois plus de propositions de sujets de stages que d\u2019\u00e9tudiants dans la promotion.<\/p>\n\n\n\n<figure class=\"wp-block-image size-large wp-duotone-unset-1\"><img loading=\"lazy\" decoding=\"async\" width=\"1024\" height=\"484\" src=\"http:\/\/paris-remote-sensing-master.fr\/wp-content\/uploads\/2026\/02\/Sentinel-1_pillars-1-1024x484.jpg\" alt=\"\" class=\"wp-image-847\" srcset=\"https:\/\/paris-remote-sensing-master.fr\/wp-content\/uploads\/2026\/02\/Sentinel-1_pillars-1-1024x484.jpg 1024w, https:\/\/paris-remote-sensing-master.fr\/wp-content\/uploads\/2026\/02\/Sentinel-1_pillars-1-300x142.jpg 300w, https:\/\/paris-remote-sensing-master.fr\/wp-content\/uploads\/2026\/02\/Sentinel-1_pillars-1-768x363.jpg 768w, https:\/\/paris-remote-sensing-master.fr\/wp-content\/uploads\/2026\/02\/Sentinel-1_pillars-1-1536x726.jpg 1536w, https:\/\/paris-remote-sensing-master.fr\/wp-content\/uploads\/2026\/02\/Sentinel-1_pillars-1.jpg 1920w\" sizes=\"auto, (max-width: 1024px) 100vw, 1024px\" \/><\/figure>\n<\/div>\n\n\n\n<div class=\"wp-block-group is-layout-constrained wp-block-group-is-layout-constrained\">\n<h2 class=\"wp-block-heading\">Candidater au M2 SECO<\/h2>\n\n\n\n<div class=\"wp-block-media-text is-stacked-on-mobile\" style=\"grid-template-columns:32% auto\"><figure class=\"wp-block-media-text__media\"><img loading=\"lazy\" decoding=\"async\" width=\"521\" height=\"542\" src=\"http:\/\/paris-remote-sensing-master.fr\/wp-content\/uploads\/2026\/02\/Fichier-1.png\" alt=\"\" class=\"wp-image-831 size-full\" srcset=\"https:\/\/paris-remote-sensing-master.fr\/wp-content\/uploads\/2026\/02\/Fichier-1.png 521w, https:\/\/paris-remote-sensing-master.fr\/wp-content\/uploads\/2026\/02\/Fichier-1-288x300.png 288w\" sizes=\"auto, (max-width: 521px) 100vw, 521px\" \/><\/figure><div class=\"wp-block-media-text__content\">\n<p>Chaque ann\u00e9e, nous accueillons une promotion de 15 \u00e9tudiants issus d&#8217;un M1 en g\u00e9osciences, en physique ou en math\u00e9matiques, de 2\u00e8me ann\u00e9e d&#8217;\u00e9cole d&#8217;ing\u00e9nieur ou ayant d\u00e9j\u00e0 un dipl\u00f4me d&#8217;ing\u00e9nieur.<\/p>\n\n\n\n<p>Les \u00e9tudiants sont s\u00e9lectionn\u00e9s sur dossier suivi d&#8217;un entretien.<\/p>\n\n\n\n<p>Pour candidater :\u00a0<br>&#8211; via l&#8217;<a href=\"https:\/\/u-paris.fr\/candidature-via-ecandidat\">universit\u00e9 Paris Cit\u00e9<\/a> ;<br>&#8211; via <a href=\"https:\/\/candidatures-2025.sorbonne-universite.fr\/#!accueilView\">Sorbonne Universit\u00e9<\/a> ;<br>&#8211;<a href=\"https:\/\/pastel.diplomatie.gouv.fr\/etudesenfrance\/dyn\/public\/authentification\/login.html\">pour les \u00e9tudiants venant de l&#8217;\u00e9tranger<\/a>.<\/p>\n<\/div><\/div>\n<\/div>\n\n\n\n<div class=\"wp-block-group is-layout-constrained wp-block-group-is-layout-constrained\">\n<h2 class=\"wp-block-heading\">D\u00e9bouch\u00e9es<\/h2>\n\n\n\n<p>Le parcours&nbsp;<strong>SECO<\/strong> est une formation tr\u00e8s compl\u00e8te couvrant de nombreux domaines th\u00e9oriques et d&#8217;application. Il vous apportera des bases fondamentales qui vous seront utiles pour l\u2019int\u00e9gralit\u00e9 de votre carri\u00e8re professionnelle, qu\u2019elle soit dans la recherche acad\u00e9mique et l\u2019enseignement, dans l\u2019industrie ou pour les collectivit\u00e9s territoriales.<\/p>\n\n\n\n<p>Par la long\u00e9vit\u00e9 de cette formation, le r\u00e9seau des anciens \u00e9tudiants int\u00e8gre une grande vari\u00e9t\u00e9 de profils \u00e0 des positions strat\u00e9giques que ce soit au niveau fran\u00e7ais ou international. En tant qu\u2019\u00e9tudiant au master, vous recevrez ainsi de nombreuses offres de th\u00e8se et d\u2019emploi (CDD, CDI) que nous partagent les alumni.<\/p>\n\n\n\n<div class=\"wp-block-media-text is-stacked-on-mobile\" style=\"grid-template-columns:63% auto\"><figure class=\"wp-block-media-text__media\"><img loading=\"lazy\" decoding=\"async\" width=\"1024\" height=\"574\" src=\"http:\/\/paris-remote-sensing-master.fr\/wp-content\/uploads\/2026\/02\/Debouchees-1024x574.png\" alt=\"\" class=\"wp-image-825 size-full\" srcset=\"https:\/\/paris-remote-sensing-master.fr\/wp-content\/uploads\/2026\/02\/Debouchees-1024x574.png 1024w, https:\/\/paris-remote-sensing-master.fr\/wp-content\/uploads\/2026\/02\/Debouchees-300x168.png 300w, https:\/\/paris-remote-sensing-master.fr\/wp-content\/uploads\/2026\/02\/Debouchees-768x431.png 768w, https:\/\/paris-remote-sensing-master.fr\/wp-content\/uploads\/2026\/02\/Debouchees-1536x861.png 1536w, https:\/\/paris-remote-sensing-master.fr\/wp-content\/uploads\/2026\/02\/Debouchees.png 1810w\" sizes=\"auto, (max-width: 1024px) 100vw, 1024px\" \/><\/figure><div class=\"wp-block-media-text__content\">\n<pre class=\"wp-block-preformatted\">&gt; 550 \u00e9l\u00e8ves inscrits en master ;<\/pre>\n\n\n\n<pre class=\"wp-block-preformatted\">&gt; 90% de dipl\u00f4m\u00e9s ;<\/pre>\n\n\n\n<pre class=\"wp-block-preformatted\">&gt; 98% d'insertion professionnelle.<\/pre>\n<\/div><\/div>\n<\/div>\n\n\n\n<div class=\"wp-block-group is-layout-constrained wp-block-group-is-layout-constrained\">\n<h2 class=\"wp-block-heading\">Bourses de mobilit\u00e9<\/h2>\n\n\n\n<div class=\"wp-block-media-text is-stacked-on-mobile\" style=\"grid-template-columns:24% auto\"><figure class=\"wp-block-media-text__media\"><img loading=\"lazy\" decoding=\"async\" width=\"528\" height=\"565\" src=\"https:\/\/paris-remote-sensing-master.fr\/wp-content\/uploads\/2026\/02\/Fichier-2_1.png\" alt=\"\" class=\"wp-image-843 size-full\" srcset=\"https:\/\/paris-remote-sensing-master.fr\/wp-content\/uploads\/2026\/02\/Fichier-2_1.png 528w, https:\/\/paris-remote-sensing-master.fr\/wp-content\/uploads\/2026\/02\/Fichier-2_1-280x300.png 280w\" sizes=\"auto, (max-width: 528px) 100vw, 528px\" \/><\/figure><div class=\"wp-block-media-text__content\">\n<p>Les bourses de mobilit\u00e9 internationale sont attribu\u00e9es pour des projets d\u2019\u00e9tude d\u2019une ann\u00e9e acad\u00e9mique et sont destin\u00e9es aux \u00e9tudiant\u00b7es \u00e9tranger\u00b7e\u00b7s qui souhaitent int\u00e9grer notre formation en master, en M1 et\/ou M2. La s\u00e9lection des candidats boursiers se fait sur la qualit\u00e9 du dossier et l\u2019ad\u00e9quation du projet d\u2019\u00e9tude avec notre formation. Pour candidater \u00e0 :<\/p>\n\n\n\n<ul class=\"wp-block-list\">\n<li>une bourse<a href=\"https:\/\/mobility.smarts-up.fr\/\">SMARTS-UP<\/a> de l\u2019Universit\u00e9 Paris Cit\u00e9 ;<\/li>\n\n\n\n<li>une bourse <a href=\"https:\/\/www.campusfrance.org\/fr\/le-programme-de-bourses-france-excellence-eiffel\">France Excellence Eiffel<\/a> ;<\/li>\n\n\n\n<li>une bourse de l\u2019<a href=\"https:\/\/academiespatiale.fr\/index.php\/ao\/ao-mobilites\/\">Acad\u00e9mie spatiale \u00cele-de-France<\/a>.<\/li>\n<\/ul>\n<\/div><\/div>\n<\/div>\n","protected":false},"excerpt":{"rendered":"<p>Description du parcours SECO La formation est centr\u00e9e sur l\u2019enseignement des bases physiques fondamentales de la t\u00e9l\u00e9d\u00e9tection, des techniques les [&hellip;]<\/p>\n","protected":false},"author":1,"featured_media":0,"parent":0,"menu_order":0,"comment_status":"closed","ping_status":"closed","template":"","meta":{"site-sidebar-layout":"default","site-content-layout":"","ast-site-content-layout":"default","site-content-style":"default","site-sidebar-style":"default","ast-global-header-display":"","ast-banner-title-visibility":"","ast-main-header-display":"","ast-hfb-above-header-display":"","ast-hfb-below-header-display":"","ast-hfb-mobile-header-display":"","site-post-title":"","ast-breadcrumbs-content":"","ast-featured-img":"","footer-sml-layout":"","ast-disable-related-posts":"","theme-transparent-header-meta":"","adv-header-id-meta":"","stick-header-meta":"","header-above-stick-meta":"","header-main-stick-meta":"","header-below-stick-meta":"","astra-migrate-meta-layouts":"default","ast-page-background-enabled":"default","ast-page-background-meta":{"desktop":{"background-color":"var(--ast-global-color-5)","background-image":"","background-repeat":"repeat","background-position":"center center","background-size":"auto","background-attachment":"scroll","background-type":"","background-media":"","overlay-type":"","overlay-color":"","overlay-opacity":"","overlay-gradient":""},"tablet":{"background-color":"","background-image":"","background-repeat":"repeat","background-position":"center center","background-size":"auto","background-attachment":"scroll","background-type":"","background-media":"","overlay-type":"","overlay-color":"","overlay-opacity":"","overlay-gradient":""},"mobile":{"background-color":"","background-image":"","background-repeat":"repeat","background-position":"center center","background-size":"auto","background-attachment":"scroll","background-type":"","background-media":"","overlay-type":"","overlay-color":"","overlay-opacity":"","overlay-gradient":""}},"ast-content-background-meta":{"desktop":{"background-color":"var(--ast-global-color-4)","background-image":"","background-repeat":"repeat","background-position":"center center","background-size":"auto","background-attachment":"scroll","background-type":"","background-media":"","overlay-type":"","overlay-color":"","overlay-opacity":"","overlay-gradient":""},"tablet":{"background-color":"var(--ast-global-color-4)","background-image":"","background-repeat":"repeat","background-position":"center center","background-size":"auto","background-attachment":"scroll","background-type":"","background-media":"","overlay-type":"","overlay-color":"","overlay-opacity":"","overlay-gradient":""},"mobile":{"background-color":"var(--ast-global-color-4)","background-image":"","background-repeat":"repeat","background-position":"center center","background-size":"auto","background-attachment":"scroll","background-type":"","background-media":"","overlay-type":"","overlay-color":"","overlay-opacity":"","overlay-gradient":""}},"footnotes":""},"class_list":["post-160","page","type-page","status-publish","hentry"],"_links":{"self":[{"href":"https:\/\/paris-remote-sensing-master.fr\/index.php?rest_route=\/wp\/v2\/pages\/160","targetHints":{"allow":["GET"]}}],"collection":[{"href":"https:\/\/paris-remote-sensing-master.fr\/index.php?rest_route=\/wp\/v2\/pages"}],"about":[{"href":"https:\/\/paris-remote-sensing-master.fr\/index.php?rest_route=\/wp\/v2\/types\/page"}],"author":[{"embeddable":true,"href":"https:\/\/paris-remote-sensing-master.fr\/index.php?rest_route=\/wp\/v2\/users\/1"}],"replies":[{"embeddable":true,"href":"https:\/\/paris-remote-sensing-master.fr\/index.php?rest_route=%2Fwp%2Fv2%2Fcomments&post=160"}],"version-history":[{"count":58,"href":"https:\/\/paris-remote-sensing-master.fr\/index.php?rest_route=\/wp\/v2\/pages\/160\/revisions"}],"predecessor-version":[{"id":864,"href":"https:\/\/paris-remote-sensing-master.fr\/index.php?rest_route=\/wp\/v2\/pages\/160\/revisions\/864"}],"wp:attachment":[{"href":"https:\/\/paris-remote-sensing-master.fr\/index.php?rest_route=%2Fwp%2Fv2%2Fmedia&parent=160"}],"curies":[{"name":"wp","href":"https:\/\/api.w.org\/{rel}","templated":true}]}}